63070?
230
What is the greatest common divisor of 905954486 and 5438?
5438
What is the highest common factor of 916175 and 3575?
325
Calculate the greatest common divisor of 208 and 3349424.
208
Calculate the greatest common divisor of 4578321 and 25245.
561
Calculate the greatest common divisor of 1290709 and 159.
53
Calculate the highest common factor of 15516 and 87804.
36
Calculate the greatest common factor of 5 and 3237339.
1
What is the greatest common divisor of 962 and 2632526?
26
What is the highest common divisor of 27461674 and 1668?
278
What is the greatest common factor of 96038 and 4030?
62
What is the greatest common factor of 2004 and 3202058?
334
What is the highest common factor of 12109168 and 952?
136
Calculate the greatest common factor of 698544 and 27.
27
Calculate the greatest common factor of 15308202 and 1014.
78
What is the greatest common factor of 6440 and 22407980?
3220
Calculate the highest common factor of 6 and 22153701.
3
Calculate the greatest common factor of 2104066 and 3074.
58
What is the highest common factor of 3881646 and 4450?
178
What is the greatest common divisor of 250200 and 35306?
278
What is the greatest common divisor of 2346 and 231269853?
1173
What is the greatest common factor of 71476 and 1708?
4
What is the highest common factor of 110 and 17224262?
22
What is the greatest common factor of 630198 and 1561?
223
Calculate the greatest common divisor of 535854 and 328746.
66
Calculate the highest common divisor of 12580 and 655860.
340
Calculate the highest common divisor of 106341941 and 19131.
911
What is the greatest common divisor of 3906 and 667716?
42
What is the highest common divisor of 71451288 and 192?
24
What is the greatest common factor of 4 and 3540007?
1
What is the greatest common divisor of 51518901 and 1365?
21
What is the greatest common factor of 1498 and 12282851?
749
Calculate the greatest common factor of 73124959 and 426.
71
Calculate the greatest common divisor of 272943 and 528.
33
Calculate the greatest common divisor of 12388810 and 35.
35
What is the greatest common factor of 856 and 15001507?
107
Calculate the greatest common divisor of 99014 and 29039848.
3194
What is the highest common divisor of 995419 and 3043?
179
Calculate the highest common factor of 10217124 and 108.
108
What is the highest common divisor of 2745 and 5974218?
549
What is the greatest common divisor of 27000 and 16053000?
3000
What is the highest common factor of 162837 and 102564?
333
What is the highest common divisor of 9107 and 71582?
7
Calculate the highest common factor of 270 and 15565491.
9
What is the highest common factor of 35 and 1418875?
5
Calculate the highest common divisor of 552 and 17622186.
138
Calculate the greatest common factor of 96224791 and 13.
13
What is the greatest common divisor of 3103632 and 27?
9
What is the highest common divisor of 7941 and 95829?
3
Calculate the greatest common factor of 3510200 and 39920.
40
Calculate the greatest common divisor of 903681 and 207296.
3239
What is the highest common divisor of 2512188865 and 1370?
685
Calculate the greatest common factor of 28616003 and 885.
59
Calculate the greatest common factor of 26 and 18449405.
13
Calculate the highest common factor of 88550 and 55055.
385
What is the greatest common divisor of 332865300 and 144?
12
What is the highest common factor of 19106856 and 1152?
72
What is the highest common factor of 137400 and 708600?
600
What is the greatest common divisor of 826840 and 305?
5
What is the highest common factor of 156 and 15102084?
12
What is the greatest common factor of 200259744 and 738?
246
What is the greatest common divisor of 23059197 and 7?
7
Calculate the greatest common factor of 195831440 and 11760.
3920
Calculate the greatest common divisor of 26472 and 53976.
24
Calculate the highest common divisor of 3620009 and 1393.
199
What is the greatest common divisor of 44 and 16887508?
44
What is the highest common divisor of 43836 and 9696?
12
Calculate the greatest common divisor of 6035 and 1898540.
355
What is the greatest common divisor of 30209124 and 262?
262
What is the greatest common divisor of 296 and 1632153768?
296
What is the greatest common divisor of 25 and 21208300?
25
Calculate the highest common divisor of 247 and 51763543.
247
What is the greatest common divisor of 18342 and 58122?
18
What is the greatest common factor of 15720179 and 820?
41
What is the greatest common divisor of 109 and 68691473?
109
What is the greatest common factor of 33415 and 165119?
163
What is the highest common divisor of 117216 and 12904749?
3663
Calculate the greatest common divisor of 525048 and 852024.
3144
What is the greatest common divisor of 2408 and 26204888?
344
Calculate the highest common factor of 3944285 and 67735.
155
What is the greatest common factor of 12363 and 44724579?
951
Calculate the greatest common factor of 964 and 8143149.
241
Calculate the greatest common divisor of 756130 and 2490.
830
What is the highest common divisor of 277 and 30730103?
277
Calculate the highest common factor of 12796 and 20454.
14
Calculate the highest common divisor of 452 and 378654412.
452
What is the highest common divisor of 172325 and 3039325?
1525
Calculate the highest common factor of 6886059 and 32562.
201
Calculate the highest common factor of 2 and 24286994.
2
What is the highest common factor of 25333436 and 8?
4
Calculate the greatest common divisor of 593 and 5258724.
593
What is the highest common factor of 4835034 and 1584?
18
What is the greatest common divisor of 37513600 and 11400?
3800
What is the highest common divisor of 23052810 and 170?
10
What is the greatest common factor of 3821850 and 1755?
135
What is the greatest common divisor of 437 and 48431?
19
What is the greatest common divisor of 4320 and 16025?
5
Calculate the highest common divisor of 1616800 and 11008.
1376
Calculate the greatest common factor of 307384 and 405216.
56
What is the highest common divisor of 60 and 46090185?
15
Calculate the highest common factor of 2113878 and 841074.
3198
What is the greatest common divisor of 3243144 and 912?
24
What is the highest common divisor of 30837 and 13359?
3
Calculate the highest common divisor of 88 and 230327056.
8
Calculate the greatest common divisor of 115470 and 13050.
90
What is the highest common factor of 33320304 and 720?
144
Calculate the highest common factor of 8848 and 95892412.
2212
What is the greatest common factor of 224 and 371159656?
56
What is the greatest common factor of 8040903 and 429?
39
What is the highest common factor of 431325 and 23989125?
5325
What is the greatest common factor of 23 and 1849?
1
Calculate the greatest common divisor of 11093984 and 25696.
352
What is the highest common factor of 19124 and 374271023?
4781
What is the highest common factor of 25857 and 59789?
17
What is the highest common factor of 164 and 16516216?
4
What is the highest common divisor of 1766951 and 254?
127
Calculate the highest common factor of 8677106 and 3706.
34
Calculate the highest common factor of 8 and 9336260.
4
Calculate the highest common divisor of 217200 and 650152.
1448
What is the greatest common factor of 40021502 and 102?
34
What is the greatest common divisor of 32923 and 21175?
11
Calculate the greatest common divisor of 1479 and 7426088.
29
Calculate the highest common factor of 6293283 and 21408.
669
What is the greatest common factor of 52317745 and 7554?
1259
What is the highest common divisor of 290034907 and 149?
149
What is the highest common divisor of 132496 and 730080?
2704
Calculate the greatest common factor of 3093986 and 182.
14
Calculate the highest common divisor of 233299 and 27051.
127
Calculate the greatest common factor of 716805 and 12195.
45
Calculate the greatest common divisor of 407817 and 301032.
1017
What is the highest common divisor of 10915565 and 145?
5
Calculate the highest common divisor of 11 and 24743609.
11
What is the greatest common divisor of 1177 and 427372?
11
What is the greatest common factor of 152305 and 197540?
415
What is the highest common divisor of 874173 and 234?
3
What is the highest common factor of 49463069 and 1618?
809
What is the highest common factor of 9333